 of m(p)?
1
Let r(u) = u**2 + 12*u + 22. What is the hundreds digit of r(25)?
9
What is the tens digit of (1249/(-2))/(2 + 40/(-16))?
4
Suppose 2*o - 3*o = -33. Suppose u + o = 4*w - 422, 2*w = 4*u + 238. What is the hundreds digit of w?
1
Let b(s) = -77*s**2. Let n(q) be the second derivative of -1681*q**4/4 - 7*q. Let a(c) = -328*b(c) + 5*n(c). What is the tens digit of a(1)?
4
Let s(v) = -v**3 + 14*v**2 + 46*v + 17. What is the hundreds digit of s(16)?
2
Suppose n + 4*m - 421 - 303 = 0, 4*n = 5*m + 2791. What is the hundreds digit of n?
7
Let f be ((-6)/5)/((-2)/10). Suppose 2*k - 1 = 11. Let j = k + f. What is the tens digit of j?
1
Let t = 9 + 136. What is the units digit of t?
5
Let r = 3391 - 1937. What is the hundreds digit of r?
4
What is the units digit of -4 + 2 + (-5 - -45)?
8
Let q(a) = -a**3 + 11*a**2 - 9*a - 6. Let p be q(10). Suppose o = -3*h + 11, 47 - 3 = p*o - 2*h. What is the tens digit of o?
1
Let k = 214 - 79. Let r be (-30)/k - (-76)/18. Suppose 2*a = -3*s + a + 97, -r*s + 128 = 2*a. What is the tens digit of s?
3
Suppose -16 = -2*w - 2. Suppose 5*s + 82 = w*h - 5*h, 5*s = -5*h + 240. What is the units digit of h?
6
Suppose -p + 0*p = -5*a - 15, 10 = -5*a. What is the units digit of p - (35/5 - 3)?
1
Let u be (-6)/3 - 56/((-4)/1). Suppose 2*b = u - 4. What is the units digit of b?
4
Suppose k + 2*t - 8 = 0, 3*k - 2*t = -k + 42. Suppose -k + 6 = -2*n. Suppose -4*g = n*f - 108, -5*f + 215 = 2*g - 3*g. What is the units digit of f?
4
Let m = -337 - -617. Let b be (-15)/(-12) + (-90)/(-120). Suppose b*g = 7*g - m. What is the tens digit of g?
5
Let t(l) = -112*l + 119. What is the thousands digit of t(-10)?
1
Let y be 17 + (-2 - 0) + 1. Let x be (y/(-20))/((-3)/(-30)). Let v = x + 37. What is the tens digit of v?
2
Suppose -g - 4 = -2*g. Suppose 5*x = -2*k + 529, -k + 4*k + 414 = g*x. What is the hundreds digit of x?
1
What is the hundreds digit of (11/(176/(-10280)))/((-3)/6)?
2
Let r(d) = -d**3 - 10*d**2 - 5*d - 21. Let s(q) = 2*q**3 + 20*q**2 + 9*q + 41. Let v(x) = -7*r(x) - 4*s(x). What is the units digit of v(-11)?
5
Suppose -48 = -9*q + 6*q. What is the units digit of q?
6
Let h(d) = 20*d**3 - 3*d - 2. Let p be h(-1). Let z(n) = n**2 + 16*n + 23. What is the tens digit of z(p)?
8
Let t = 55 + 127. Suppose y - t = -2*g, -g - 532 = -5*y + 2*y. What is the units digit of y?
8
Let y(c) = 10*c**2 + 3*c - 1. Let q be y(-3). Suppose -4*o + 5*b = 183, -2*o = -3*o + 2*b - 45. Let g = q + o. What is the tens digit of g?
3
Suppose -125*y + 136*y - 36113 = 0. What is the hundreds digit of y?
2
What is the tens digit of (-3)/7 - -326*(-6)/(-7)?
7
Let u be 10/3*4/(-24)*9. Let q(f) be the second derivative of -f**3/6 + f**2/2 + 2*f. What is the units digit of q(u)?
6
Let w(t) = 9*t - 3. Let o be w(3). Suppose -c + 4*d + 56 = 14, -c = -3*d - 43. Let m = c - o. What is the units digit of m?
2
Let m = -24 - -45. Let j be m/6 + (-1)/(-2). Suppose 16 = 3*z + x, 0*x + 8 = -j*x. What is the units digit of z?
6
Let h = 1871 - 438. What is the tens digit of h?
3
Let b(v) = v**2 + 2*v + 1. Let d be b(-3). Suppose -d*l + 58 + 10 = 0. Suppose -i = -4*h, 17 = 4*i + h - l. What is the units digit of i?
8
Suppose d + 3*d - 568 = 0. Suppose -6*o - 4*c = -o - d, 3*c + 69 = 3*o. What is the tens digit of (3 - 0) + o - 1?
2
Let u(k) = -k**3 + 5*k**2 - 5*k - 4. Let h be u(5). Let q = 88 - h. What is the hundreds digit of q?
1
Let r = 13 + -1. Suppose 3*m + 28 = t + t, r = -2*m + 3*t. What is the tens digit of (-4)/m + (-83)/(-3)?
2
Suppose 3*o = 8*o - 0*o. Suppose 3*r - 23 = -8. Suppose 3*t = -4*n + 95, o = r*n - n + 4*t - 92. What is the tens digit of n?
2
Suppose 5 = -o, -3*m + 1280 + 2526 = -4*o. What is the hundreds digit of m?
2
Suppose 29*k - 32*k = 5*l - 19395, 2*k = 10. What is the tens digit of l?
7
Let x be ((-1 - 0) + (-11089)/13)/(-2). Let o = x - 171. What is the tens digit of o?
5
Suppose -20*z - a - 9606 = -23*z, -6397 = -2*z + 3*a. What is the units digit of z?
3
What is the tens digit of (2200*1)/(-10)*-5?
0
Suppose 0 = -0*p - p + 3. Let x(y) be the second derivative of -y**5/20 + y**4/3 - y**2 + 4*y. What is the units digit of x(p)?
7
Let m be (2/(-2))/1*-1. Let v be m/(-5) + (-2)/(-10). Suppose v = 3*u + 5*p - 3*p - 35, -4*p - 60 = -4*u. What is the units digit of u?
3
Suppose 13*s + 13 = 65. Let k = 123 + s. What is the hundreds digit of k?
1
What is the hundreds digit of (((-310)/(-4))/(-1))/((-27)/108)?
3
Suppose -4*a = 5*m - 7223, 5*m = -a - 4*a + 7220. What is the hundreds digit of m?
4
Suppose -31*f = -41*f + 21910. What is the thousands digit of f?
2
Let v(b) = 2*b**2 + 60*b - 133. What is the units digit of v(-40)?
7
Suppose 24 = 2*d - 4*t, -5*d + 4*t = -31 - 5. Suppose -145 = -9*v + d*v. What is the units digit of v?
9
Suppose -d + 25 = 5*l - 6*d, l - 8 = -2*d. Suppose l*z + 246 = 9*z. What is the tens digit of z?
8
Let k = 58 - 54. Suppose -s - 5*x + 162 = 0, -5*x = 5*s - k*x - 714. What is the hundreds digit of s?
1
Let t(m) = -m**3 - m**2 + 3*m - 3. Let s be t(2). What is the tens digit of (-2)/6*s - -69?
7
Let y(r) = -r**2 - 5*r + 2. Let j be (-42)/10 + 2/10. Let f be y(j). Suppose -f*k + 7*k - 1 = 0. What is the units digit of k?
1
Let j be (-8)/(-28) + 270/(-14). Let n = -22 - j. Let a(b) = 3*b**2 + 3*b + 2. What is the tens digit of a(n)?
2
Let o be 6/9 + (-212)/12. Let q(a) = -4*a - 11. Let w be q(o). Suppose 6*x = 249 + w. What is the units digit of x?
1
Suppose t + 6 = -5. Let z be 4 - ((-12)/30 - (-9)/(-15)). Let s = z - t. What is the units digit of s?
6
Suppose 5454 = -77*h + 86*h. What is the tens digit of h?
0
Let d(n) = 2*n**2 + 12*n + 42. What is the units digit of d(-23)?
4
Let r(q) = q**2 - 2*q + 132. Let i be r(0). Suppose 11*c - 7*c = i. What is the tens digit of c?
3
Let q(b) = -2*b**2 + 12*b - 7. Let j be q(5). Let k be 14 - (-1 + 2 + j). Suppose -17 = -3*o + k. What is the units digit of o?
9
Let u(f) = 20*f**2 - 13*f - 18. What is the tens digit of u(8)?
5
Let v(k) = 7*k**3 + 10*k**2 - 21*k + 12. What is the hundreds digit of v(4)?
5
Let i(h) be the third derivative of h**6/120 + h**5/60 + 10*h**2. What is the units digit of i(1)?
2
Suppose 0 = -11*t + 5810 + 13726. What is the units digit of t?
6
Suppose -5*t = -2*t - 15, 0 = -5*c + 2*t + 55. Suppose 2*r + 151 + c = 5*q, 0 = 3*r - 9. What is the units digit of q?
4
Suppose -d + 4051 = 3*v + v, -2*d + 3*v + 8146 = 0. What is the tens digit of d?
6
What is the units digit of (-582)/(-8) + (-11)/(-44)?
3
Suppose -3*y = 2*h + 809 - 49, h + 255 = -y. Let o = y + 451. What is the hundreds digit of o?
2
Let a be 7*1*(-15)/5. Let k = a - -121. What is the tens digit of k?
0
Let m(l) = 79*l**2 + 6*l + 9. What is the units digit of m(-3)?
2
Let v = -20 - -22. What is the tens digit of (v - -1)/((-1)/(-19))?
5
Let z = 85 + 133. Let w = z + -142. What is the units digit of w?
6
Suppose 49*g - 44*g = -70. Let d(y) = -y + 53. Let t be d(0). Let r = t + g. What is the tens digit of r?
3
Let t(j) = -j**3 - j**2 + j - 5. Let g be t(-3). Suppose -14*f = -g*f + 244. What is the tens digit of (5 - 1) + -3 - f?
6
What is the tens digit of 36/(-27)*(2926/(-4) - -1)?
7
Let s(f) = -f**3 + 16*f**2 + 28*f - 40. What is the hundreds digit of s(17)?
1
Suppose 0 = -3*g + 14 - 2. Suppose -68 - 24 = -2*l - g*p, 3*l - 126 = -2*p. What is the units digit of l?
0
Suppose -12*w + 6405 + 4875 = 0. What is the units digit of w?
0
Let z(k) = -2*k**2 - 40*k + 23. What is the tens digit of z(-20)?
2
Let k = -70 - -16. Let n = k + 118. What is the tens digit of n?
6
Suppose 8*t - 2170 - 10374 = 0. What is the tens digit of t?
6
Suppose 15 = 4*z - z. Suppose -419 = -5*q - 2*g, -3*g = z*q + 2*g - 425. What is the units digit of q?
3
Let b(y) = -14*y - 50. What is the units digit of b(-15)?
0
Suppose -2466 = -7*p + 306. Suppose -4*c + 5*b + p = 0, -c + 0*b - 5*b + 99 = 0. What is the tens digit of c?
9
Suppose -2*z + 560 = -2*y, -3*z + z + 4*y + 550 = 0. What is the tens digit of z?
8
Suppose 52*u - 10 = 47*u. Suppose -u*w + 41 = 5*d, -40 = -5*w - 5*d + 25. What is the units digit of w?
8
Suppose 2505*q = 2502*q + 4956. What is the thousands digit of q?
1
What is the tens digit of -33*(7 - 188/12)?
8
Let x = 13416 - 7844. What is the hundreds digit of x?
5
Let c(l) = -l**2 - l. Let o be c